 145. Determine n(31).
-10
Let b(g) = 2*g + 17. Determine b(-8).
1
Let b(u) = 14*u - 286. Give b(20).
-6
Let z(b) = 13*b**3 + 2*b + 1. Give z(-1).
-14
Let f(p) = -14*p - 29. Calculate f(-2).
-1
Let b(q) = 39*q**3 - 2*q**2 + 2*q - 1. Calculate b(1).
38
Let v(b) = b**2 + 3*b + 5. Calculate v(-6).
23
Let m(p) = 2*p**3 - 11*p**2 + 5*p + 11. Calculate m(5).
11
Let b(k) = -12*k + 82. What is b(7)?
-2
Let d(g) = g**3 - 17*g. What is d(4)?
-4
Let i(l) = l**2 + 6*l + 19. Determine i(-3).
10
Let z(n) = n**3 + 8*n**2 - 9*n - 19. Calculate z(-8).
53
Let z(y) = -y**3 - 8*y**2 - 15*y - 11. Determine z(-6).
7
Let i(j) = j**3 + 12*j**2 + 10*j - 13. What is i(-11)?
-2
Let l(s) = -7*s**2 + 11*s - 5. Give l(5).
-125
Let u(z) = -4*z - 37. Give u(-10).
3
Let t(l) = l - 6. Give t(8).
2
Let y(z) = -3*z**2 + z. Give y(1).
-2
Let d(q) = 2*q**2 - 2*q - 91. Give d(7).
-7
Let v(m) = -m**2 + 40*m. Determine v(40).
0
Let u(w) = 13*w - 553. Give u(43).
6
Let q(s) = 4*s - 48. What is q(8)?
-16
Let u(c) = c**3 - 9*c**2 - 11*c + 16. Calculate u(10).
6
Let n(a) = -8*a - 6. Give n(5).
-46
Let d(u) = -5*u + 12. Calculate d(4).
-8
Let h(d) = -d**2 - 13*d - 24. Give h(-15).
-54
Let v(s) = s**2 - 2*s - 7. Calculate v(5).
8
Let l(y) = y - 24. Determine l(31).
7
Let b(z) = 3*z**2 - z + 1. Determine b(3).
25
Let u(c) = 10*c - 111. Calculate u(11).
-1
Let b(x) = -x**3 + 7*x**2 - 2*x - 6. Give b(7).
-20
Let i(v) = -v**2 + 14*v - 12. Determine i(12).
12
Let g(p) = p**2 + p - 10. What is g(-3)?
-4
Let f(b) = 8*b**2 + 2*b + 1. Give f(-1).
7
Let s(z) = 11*z + 31. Give s(-6).
-35
Let y(a) = a**3 + 49*a**2 - 51*a - 65. Calculate y(-50).
-15
Let a(x) = x**2 - x + 4. Give a(4).
16
Let t(r) = -r**3 + 14*r**2 + 12*r + 35. Give t(15).
-10
Let q(o) = -4*o + 141. Determine q(35).
1
Let y(t) = 3*t + 60. Calculate y(-19).
3
Let b(n) = 35*n + 36. Calculate b(-1).
1
Let c(s) = -2*s - 3. Determine c(-15).
27
Let v(s) = s**3 + 6*s**2 - 4*s - 8. What is v(-7)?
-29
Let a(k) = 4*k**2 + 20*k + 11. Determine a(-4).
-5
Let r(u) = u**3 - 20*u**2 - 2*u - 24. Give r(20).
-64
Let i(m) = m**3 + 10*m**2 + 18*m + 1. Calculate i(-3).
10
Let k(o) = o. Determine k(8).
8
Let w(m) = m**3 + 3*m**2 - 2*m - 23. Determine w(-4).
-31
Let r(a) = a**3 + 8*a**2 + 4*a - 4. Give r(-7).
17
Let l(x) = -2*x**3 - 159*x**2 + 82*x + 163. Give l(-80).
3
Let x(a) = -2*a**2 - 13*a - 18. What is x(-7)?
-25
Let y(r) = r**3 + r - 6. Calculate y(5).
124
Let t(i) = -i**2 + 22*i - 46. Calculate t(2).
-6
Let p(w) = 4*w**3 + w**2 + w - 1. Determine p(-2).
-31
Let u(z) = -z + 3. Determine u(1).
2
Let z(t) = 11*t + 48. Give z(-7).
-29
Let v(x) = -x**2 + 25*x + 16. What is v(26)?
-10
Let s(f) = f**3 - 17*f**2 + 18*f - 42. Determine s(16).
-10
Let n(o) = -12*o - 5. Determine n(-2).
19
Let b(y) = -y**3 + 5*y**2 - 9*y + 13. Give b(4).
-7
Let c(o) = o**3 - 2*o**2 + 3*o + 3. Determine c(-1).
-3
Let a(t) = 2*t**3 + 2*t**2 - 9. Give a(0).
-9
Let c(y) = y**3 + 39*y**2 + 77*y + 114. Calculate c(-37).
3
Let g(v) = v - 13. Give g(-6).
-19
Let x(s) = -2*s**2 - 1. Give x(0).
-1
Let a(j) = -j**2 - j + 2. Give a(-6).
-28
Let k(t) = 16*t + 588. Determine k(-37).
-4
Let j(v) = v - 73. Calculate j(41).
-32
Let v(s) = -s**3 - 11*s**2 + 11*s - 17. Determine v(-12).
-5
Let c(f) = -f**2 + 10*f + 14. What is c(9)?
23
Let j(v) = -v**2 + 16*v - 18. Determine j(15).
-3
Let q(x) = -6*x - 6. Give q(3).
-24
Let u(r) = -r**3 + 7*r**2 - 10*r + 8. What is u(5)?
8
Let w(n) = -n**2 + 4*n + 19. Give w(3).
22
Let m(p) = -p**3 - 7*p**2 - 2*p - 29. Determine m(-7).
-15
Let l(h) = h**2 - 11*h + 11. Calculate l(6).
-19
Let y(h) = 13*h - 147. Determine y(8).
-43
Let v(q) = -3*q - 1. Calculate v(5).
-16
Let q(k) = k**3 + k**2 + 25. Calculate q(0).
25
Let j(h) = h**2 + 8*h + 7. What is j(-5)?
-8
Let m(v) = -v**2 + 3*v. What is m(5)?
-10
Let g(f) = -13*f + 21. Give g(5).
-44
Let f(q) = -2*q**2 + 9*q + 5. Determine f(4).
9
Let l(h) = 89*h**2 - h + 2. Give l(1).
90
Let s(d) = d**2 - 2*d + 9. Determine s(-4).
33
Let m(r) = r**3 + 7*r**2 + 7*r + 9. Calculate m(-6).
3
Let z(r) = 2*r**3 - 28*r**2 + 28*r - 27. Calculate z(13).
-1
Let g(b) = b + 13. Determine g(-10).
3
Let j(t) = 72*t - 436. Calculate j(6).
-4
Let d(b) = -4*b - 12. Give d(-4).
4
Let f(d) = -d**2 - 5*d + 15. Give f(-8).
-9
Let i(k) = 14*k + 77. Calculate i(-5).
7
Let p(g) = -g**2 - 17*g - 17. Give p(-18).
-35
Let z(b) = -3*b**2 - 51*b + 13. Determine z(-17).
13
Let g(o) = 4*o**2 + 5*o + 4. Determine g(-2).
10
Let h(p) = 51*p**3 - 4*p**2 + p + 2. Calculate h(1).
50
Let t(z) = z**2 - 6*z - 51. What is t(9)?
-24
Let u(v) = -v**2 + v + 2. Give u(0).
2
Let x(p) = p**2 + 9*p + 13. Calculate x(-6).
-5
Let t(f) = -f**2 + 2*f. Calculate t(2).
0
Let s(r) = -r**3 + 4*r**2 - 2*r - 8. Determine s(4).
-16
Let o(v) = 5*v - 3. Determine o(-2).
-13
Let h(g) = -8*g + 4. Give h(6).
-44
Let v(j) = -j**2 + 20*j - 60. What is v(10)?
40
Let a(q) = -q**3 - 15*q**2 + 12*q - 29. Determine a(-16).
35
Let d(r) = r**3 + 10*r**2 - 16*r + 1. Give d(-11).
56
Let d(s) = s. Calculate d(-12).
-12
Let a(w) = -2*w + 2. Determine a(13).
-24
Let l(d) = -d**3 - 7*d**2 - 11*d. What is l(-6)?
30
Let i(n) = -13*n + 92. Give i(9).
-25
Let g(u) = -u**2 - 3*u + 6. What is g(0)?
6
Let f(g) = 2*g**2 - 6*g + 10. Determine f(5).
30
Let k(n) = 3*n - 8. Determine k(4).
4
Let j(g) = -4*g + 1. Determine j(-6).
25
Let j(t) = -2*t**2 - 28*t + 104. Give j(-17).
2
Let t(s) = -s**3 + 5*s**2 - 5*s - 2. Give t(4).
-6
Let m(p) = p**3 - 22*p**2 + 18*p + 46. What is m(21)?
-17
Let j(q) = -144*q - 872. What is j(-6)?
-8
Let d(j) = -76*j - 1827. What is d(-24)?
-3
Let v(r) = -2*r**3 - 6*r**2 + 7*r + 9. What is v(-3)?
-12
Let b(v) = -2*v**2 - 77*v + 40. Determine b(-39).
1
Let b(s) = s**3 + 11*s**2 + 19*s + 2. Determine b(-9).
-7
Let f(h) = -h - 19. Give f(8).
-27
Let l(h) = h**3 + 6*h**2 - 24*h + 36. What is l(3)?
45
Let k(c) = -6*c - 294. Calculate k(-48).
-6
Let s(u) = -u**2 + 3*u - 15. Determine s(6).
-33
Let z(j) = 3*j + 13. What is z(-5)?
-2
Let h(r) = -r**2 - 3*r + 80. What is h(-11)?
-8
Let j(g) = g**2 + 12*g + 12. Give j(-11).
1
Let j(w) = -w**3 - 5*w**2 + 5*w + 24. Give j(-3).
-9
Let j(f) = -f**2 - 7*f - 9. Give j(-4).
3
Let d(f) = f**2 + 28*f + 190. What is d(-11)?
3
Let t(a) = -3*a - 68. What is t(-32)?
28
Let z(p) = 23*p + 80. Determine z(-3).
11
Let d(g) = g**3 - 12*g**2 + 10*g + 22. Give d(10).
-78
Let d(i) = 8*i**2 + 1. Determine d(-1).
9
Let a(h) = h**3 - 18*h**2 + 14*h + 50. What is a(17)?
-1
Let w(o) = 2*o - 5. What is w(-4)?
-13
Let f(v) = -v**2 - 6*v + 4. Calculate f(-7).
-3
Let v(b) = 32*b**3 - b**2 - b. Determine v(-1).
-32
Let y(l) = -42*l - 41. What is y(-1)?
1
Let r(b) = -3*b**3 + 5*b**2 - 2*b - 1. What is r(3)?
-43
Let p(d) = -d**3 - 18*d**2 + 21*d + 41. Give p(-19).
3
Let b(k) = -k**2 + 40*k + 338. Determine b(-7).
9
Let w(q) = q + 4. Give w(8).
12
Let m(d) = 6*d**3 + d - 2. Give m(1).
5
Let s(n) = 2*n**3 + 13*n**2 - 4*n + 12. What is s(-7)?
-9
Let f(y) = 3*y**2 + 52*y + 9. What is f(-18)?
45
Let n(c) = -c + 32. Give n(0).
32
Let h(t) = -t**2 + 11*t + 54. Calculate h(14).
12
Let o(g) = g**2 + 5*g + 4. Give o(-3).
-2
Let v(w) = -w**3 - 8*w**2 + 13*w + 3. What is v(-9)?
-33
Let c(h) = h**3 - 12*h**2 + 12. Calculate c(12).
12
Let k(v) = -v**3 + 6*v**2 + v - 5. What is k(5)?
25
Let s(w) = -2*w**2 + 14*w + 96. Give s(11).
8
Let q(s) = -25*s + 25. Calculate q(2).
-25
Let i(t) = 3*t**2 - 34*t - 36. Calculate i(12).
-12
Let l(d) = -d - 1. Give l(-12).
11
Let d(t) = 4*t**2 + 38*t - 27. Determine d(-10).
-7
Let m(z) = -z. Determine m(-2).
2
Let u(y) = y**2 + 8*y - 14. What is u(-11)?
19
Let d(b) = -28*b - 8. Determine d(1).
-36
Let z(k) = -k**2 - 48*k + 434. What is z(8)?
-14
Let z(n) = 2*n + 23. Give z(-9).
5
Let r(j) = -17*j + 12. Determine r(3).
-39
Let d(k) = -19*k + 45. Give d(4).
-31
Let c(g) = -g**2 - 2*g - 2. What is c(-4)?
-10
Let y(b) = b**3 + 13*b**2 - 3*b - 28. Determine y(-13).
11
Let b(p) = 11*p - 61. Calculate b(5).
-6
Let d(i) = -i**3 - 5*i**2 - 2*i + 6. Give d(-6).
54
Let p(h) = h - 12. Calculate p(9).
-3
Let l(u) = u**2 - 13*u + 20. Give l(11).
-2
Let f(p) = 15*p**3 + p**2 - p - 1. Calculate f(-1).
-14
Let t(f) = -f**2 - 19*f + 23. Give t(-20).
3
Let b(a) = a**2 + 9*a - 2. Calculate b(-10).
8
Let v(y) = 15*y + 64. What is v(-4)?
4
Let a(f) = 13*f**3 + f - 1. Calcu